3
What are the prime factors of 2466002877?
3, 13, 137, 2731
What are the prime factors of 51348523?
41, 1252403
What are the prime factors of 347536125?
3, 5, 19, 71, 229
What are the prime factors of 151537676?
2, 43, 347, 2539
What are the prime factors of 637554762?
2, 3, 13, 181, 15053
What are the prime factors of 35993600?
2, 5, 19, 37
List the prime factors of 184653580.
2, 5, 719, 12841
What are the prime factors of 1264577401?
983, 1286447
What are the prime factors of 295093274?
2, 7, 281, 75011
What are the prime factors of 252835546?
2, 19, 53, 125539
List the prime factors of 177184059.
3, 13, 701, 6481
List the prime factors of 197839130.
2, 5, 43, 460091
List the prime factors of 14227231.
167, 85193
List the prime factors of 14906375.
5, 11, 37, 293
List the prime factors of 35941906.
2, 7, 11, 13, 1381
List the prime factors of 156491063.
1039, 150617
What are the prime factors of 335642027?
7, 29, 1653409
List the prime factors of 15214235.
5, 17, 71, 2521
What are the prime factors of 17167287?
3, 5722429
What are the prime factors of 148803002?
2, 29, 2565569
List the prime factors of 757796995.
5, 151559399
List the prime factors of 2631243843.
3, 10459, 27953
What are the prime factors of 475729476?
2, 3, 39644123
What are the prime factors of 362442346?
2, 7, 17, 223, 6829
List the prime factors of 428557035.
3, 5, 28570469
What are the prime factors of 67658870?
2, 5, 23, 294169
What are the prime factors of 1246083795?
3, 5, 11, 53, 47497
List the prime factors of 110670102.
2, 3, 17, 397, 911
List the prime factors of 37295631.
3, 4143959
What are the prime factors of 104645466?
2, 3, 1937879
What are the prime factors of 2066783844?
2, 3, 172231987
List the prime factors of 2096845660.
2, 5, 7, 13, 1152113
List the prime factors of 2991095771.
181, 16525391
List the prime factors of 47117554.
2, 11, 2141707
List the prime factors of 55757450.
2, 5, 7, 17, 9371
What are the prime factors of 396012218?
2, 7, 4040941
List the prime factors of 1097596.
2, 331, 829
List the prime factors of 108283297.
1213, 89269
What are the prime factors of 1093359657?
3, 13, 37, 757699
List the prime factors of 2601434968.
2, 11, 811, 36451
What are the prime factors of 2994995681?
449, 6670369
List the prime factors of 215826073.
19, 43, 264169
List the prime factors of 41447371.
7, 181, 32713
What are the prime factors of 54967213?
7, 7852459
What are the prime factors of 98519103?
3, 53, 71, 2909
List the prime factors of 2355954850.
2, 5, 151, 312047
List the prime factors of 119247750.
2, 3, 5, 52999
List the prime factors of 264691769.
103, 2569823
List the prime factors of 210845357.
197, 241, 4441
What are the prime factors of 21905612?
2, 197, 27799
What are the prime factors of 34575910?
2, 5, 3457591
What are the prime factors of 1162536042?
2, 3, 193756007
List the prime factors of 1908163783.
139, 811, 16927
What are the prime factors of 64624356?
2, 3, 43, 109, 383
What are the prime factors of 943677899?
3037, 310727
What are the prime factors of 344370757?
2203, 156319
List the prime factors of 1218778694.
2, 7, 23, 59, 64153
List the prime factors of 134045313.
3, 44681771
What are the prime factors of 55855832?
2, 857, 8147
What are the prime factors of 394177004?
2, 13, 643, 11789
What are the prime factors of 8663960220?
2, 3, 5, 151, 157, 6091
What are the prime factors of 34348961?
31, 97, 11423
List the prime factors of 46401869.
46401869
What are the prime factors of 112604693?
3467, 32479
What are the prime factors of 44385040?
2, 5, 7, 79259
List the prime factors of 57537178.
2, 31, 167, 5557
What are the prime factors of 3434981?
11, 23, 13577
List the prime factors of 274323052.
2, 68580763
List the prime factors of 5137565443.
2803, 1832881
List the prime factors of 57366340.
2, 5, 409, 7013
What are the prime factors of 1384556816?
2, 131, 769, 859
List the prime factors of 663225800.
2, 5, 3316129
List the prime factors of 118232773.
17, 103, 67523
List the prime factors of 97732783.
1231, 79393
List the prime factors of 48252828.
2, 3, 13, 309313
What are the prime factors of 145495235?
5, 223, 130489
List the prime factors of 6954261246.
2, 3, 386347847
List the prime factors of 185300999.
13, 1013, 14071
List the prime factors of 4478916934.
2, 17, 163, 808177
List the prime factors of 302452553.
13, 23, 317, 3191
List the prime factors of 57628275.
3, 5, 768377
List the prime factors of 130168011.
3, 43389337
What are the prime factors of 553298629?
13, 37, 1150309
What are the prime factors of 109560895?
5, 21912179
List the prime factors of 26297893.
59, 61, 7307
List the prime factors of 4004806113.
3, 7, 11, 787, 1049
List the prime factors of 3770848991.
7, 13, 41437901
What are the prime factors of 40317065?
5, 107, 179, 421
What are the prime factors of 146550985?
5, 7, 59, 70969
What are the prime factors of 219780155?
5, 7, 181, 34693
List the prime factors of 87031640.
2, 5, 2175791
What are the prime factors of 704377285?
5, 173, 814309
What are the prime factors of 26682162?
2, 3, 13, 23, 107, 139
What are the prime factors of 27873800?
2, 5, 139369
List the prime factors of 938342527.
4001, 234527
What are the prime factors of 1298623449?
3, 31, 61, 228913
List the prime factors of 212799305.
5, 42559861
What are the prime factors of 2569038871?
7, 37, 9919069
What are the prime factors of 5695720?
2, 5, 23, 41, 151
List the prime factors of 115383912.
2, 3, 7, 109, 6301
List the prime factors of 26925833.
11, 29, 84407
What are the prime factors of 1112003579?
29, 38344951
List the prime factors of 766517762.
2, 191, 419, 4789
What are the prime factors of 19558739?
19558739
What are the prime factors of 573600064?
2, 619, 14479
What are the prime factors of 455722601?
193, 2361257
List the prime factors of 663144497.
991, 669167
List the prime factors of 3620263928.
2, 452532991
List the prime factors of 573919998.
2, 3, 95653333
List the prime factors of 127517078.
2, 13, 733, 6691
List the prime factors of 194937570.
2, 3, 5, 721991
List the prime factors of 4718918372.
2, 7, 23, 7327513
What are the prime factors of 246046671?
3, 13, 1307, 1609
List the prime factors of 240614382.
2, 3, 53, 756649
List the prime factors of 44055843.
3, 13, 29, 38953
List the prime factors of 107159347.
17, 6303491
What are the prime factors of 43682475?
3, 5, 582433
What are the prime factors of 50429020?
2, 5, 2521451
What are the prime factors of 4448792381?
11, 109, 3710419
List the prime factors of 192871544.
2, 41, 89, 6607
List the prime factors of 255055066.
2, 7, 3301, 5519
What are the prime factors of 3022327791?
3, 7, 6853351
What are the prime factors of 1850158871?
11, 168196261
List the prime factors of 59664367.
7, 31, 274951
What are the prime factors of 1499577224?
2, 187447153
What are the prime factors of 2586009538?
2, 7, 4943, 37369
What are the prime factors of 128183759?
11, 11653069
List the prime factors of 110266626.
2, 3, 18377771
List the prime factors of 1050169538.
2, 11, 47734979
List the prime factors of 147737374.
2, 37, 149, 13399
What are the prime factors of 21571285?
5, 59, 83, 881
What are the prime factors of 1346592?
2, 3, 13, 83
List the prime factors of 48228875.
5, 385831
List the prime factors of 3818479590.
2, 3, 5, 19, 29, 25667
What are the prime factors of 63116209?
13, 23, 29, 251
What are the prime factors of 38031651?
3, 7, 43, 101, 139
What are the prime factors of 1246818708?
2, 3, 103, 336251
List the prime factors of 124840496.
2, 11, 709321
What are the prime factors of 674698799?
197, 233, 14699
List the prime factors of 24470383.
7, 691, 5059
List the prime factors of 651371961.
3, 41, 53, 163, 613
List the prime factors of 161343142.
2, 80671571
What are the prime factors of 1052712601?
31, 563, 60317
List the prime factors of 115734710.
2, 5, 7, 13, 89, 1429
List the prime factors of 120892675.
5, 4835707
What are the prime factors of 7331083392?
2, 3, 41, 465643
List the prime factors of 142416598.
2, 23, 167, 18539
What are the prime factors of 33641920?
2, 5, 13, 8087
List the prime factors of 108136912.
2, 13, 519889
What are the prime factors of 1182586318?
2, 2687, 220057
List the prime factors of 223434857.
23, 9714559
What are